Evaluate -7 - (-5 + 4 - 6).
0
What is the value of -4 - (2 + (2 - 6))?
-2
Evaluate 13 - (-6 - -2 - (-22 - -13)).
8
What is 9 + (-2 + 1 - 0) - 3?
5
Evaluate (6 - 0) + -5 - (-9 - -8).
2
What is 7 + -6 + -2 + 2 - -4?
5
Calculate (-8 - (-5 + 2)) + 2 + 8.
5
12 + 7 + -14 - 13
-8
Calculate (-1 - -1 - -3) + (-14 - -15).
4
What is the value of (2 - 4) + 3 + -5 + 3?
-1
What is the value of 4 - (4 + -3 + 5 + -1)?
-1
What is the value of 336 - 345 - (1 + 1)?
-11
What is (-7 - (-4 + 3)) + -2 + 11?
3
What is the value of -6 + 7 + -1 + -3 + -1?
-4
1 - (0 + (-1 - -2))
0
Calculate 0 + 0 + (1 - -4) + -2.
3
(-1 + -4 - 5) + 19
9
0 + 0 - ((17 - 32) + 16)
-1
Evaluate -2 + (2 - 4) - (29 - 35).
2
Calculate 5 + -1 - (11 + (12 - 24)).
5
0 + 1 + 7 - 15
-7
What is the value of -4 + 2 - (-16 - -13)?
1
Evaluate -10 + (16 + -4 - 6).
-4
Calculate 0 + -8 - (18 + -23).
-3
Evaluate -2 - 1 - (16 + (-1 - 9)).
-9
Evaluate -5 + 7 + -4 + -5.
-7
What is the value of 1 - (1 + 8 + -2)?
-6
What is 4 + -1 + (-15 + 26 - 8)?
6
Calculate -4 + 0 + (-2 - 0) + 3.
-3
What is 2 + -16 + 22 - (0 + 0)?
8
-4 - (-4 - (7 + (-4 - 0)))
3
Evaluate -5 + (2 - 2 - -5) + 4.
4
(0 - 2) + 1 + (-2 - -2)
-1
Evaluate -12 + 4 + 8 - 3.
-3
16 - (-7 + 26 + -11)
8
What is (0 - 3) + 11 + -11?
-3
Evaluate -6 + 10 - (0 - -4).
0
3 - ((6 - 2) + -5)
4
Evaluate -7 + (-4 + -1 - -15).
3
Calculate 2 - ((0 - -4) + -4).
2
What is the value of -12 + (4 - -9) + -5?
-4
(-2 - (-6 + 3)) + -1
0
What is the value of -12 - (-5 + (-5 - -5) + 3)?
-10
3 - (4 - (5 + 3 - 3))
4
Calculate -13 - (-2 + -4) - -2.
-5
-9 - (3 - (18 - 9))
-3
Calculate (-1 - -6) + 5 + 7 + -11.
6
What is 2 + -5 - (2 + 1)?
-6
(0 + 2 - 4) + 3
1
8 + 2 + (3 - 8)
5
Evaluate 1 + (-5 + 2 - (11 + -8)).
-5
-2 - -10 - (0 + 2 - -6)
0
What is the value of 7 + -15 + 4 + 6?
2
What is the value of 10 + -5 - (9 + -1)?
-3
What is the value of -6 - (-2 + -13 + 4)?
5
What is -3 - (-2 + -8 + 4) - 8?
-5
What is the value of 12 + -1 - ((-10 - -19) + -7)?
9
What is the value of 16 + (10 - 27) + 7?
6
What is the value of -4 - (7 + -9) - -2?
0
(5 - 10) + 1 + 7 + -9
-6
Calculate 0 + 2 + (9 - 7).
4
What is the value of (-8 + 13 - 6) + -8?
-9
Calculate -11 + (15 - (2 + 8)).
-6
What is the value of 2 + (-5 - -6 - (-2 - -8))?
-3
(-4 - 0) + (-1 - (-3 + 2))
-4
What is 0 + -6 - (-1 + -3)?
-2
Calculate 0 + -1 + -1 - (-6 - -10).
-6
What is the value of -4 + (0 - (6 - 4)) + 3?
-3
Evaluate (-1 - -1 - 0) + (1 - 5).
-4
Calculate 5 - (6 + (-4 - -1) + -1).
3
Evaluate 1 - (-3 + 3 - -2).
-1
What is 3 - -2 - 1 - (7 - -5)?
-8
Evaluate (1 - (-1 + 0)) + (-3 - 1).
-2
-23 + 29 + (0 - 3) - 4
-1
What is the value of 3 + (-7 - -8) + 2 - 0?
6
What is the value of -8 + 6 + 6 - (0 - -2)?
2
-3 + 2 + 0 + (3 - 5)
-3
10 + -4 + (-1 - (0 - -2))
3
What is 5 + (1 - 11) + 13?
8
Evaluate -1 + -2 - (-34 - -34).
-3
What is (-3 - -6 - 2) + 2 - 8?
-5
0 - (1 + 3 - (13 - 14))
-5
(-39 - -54) + (-10 - -2)
7
What is 1 - 2 - (29 + -27)?
-3
-1 + 1 + -2 + 39 + -38
-1
Evaluate (-1 - (-1 - (0 - 2))) + -5.
-7
What is 2 + (-2 - -3) - 6?
-3
What is the value of -3 + (1 - (-12 + 1))?
9
What is 64 + -61 - (0 - 3)?
6
Calculate -3 + 2 + (-10 + 8 - 1).
-4
-6 - -6 - (2 - 0)
-2
What is the value of (9 - (0 + 5)) + -3?
1
Calculate (3 - (8 - 2)) + -12 + 18.
3
Calculate 1 + 0 - (1 + 2 + -4).
2
What is the value of 0 - (3 + (-5 - (-1 - -2)))?
3
2 + 0 + (-2 + -4 - -5)
1
What is 5 + (0 - (-2 - -1)) - 1?
5
What is the value of -3 + (8 - 5) - (-1 - 1)?
2
Evaluate 2 + -1 + -3 + (4 - -3).
5
What is (0 - 1) + 6 + (8 - 9)?
4
Calculate -4 + 0 + 8 + (7 - 10).
1
Calculate 4 + -11 + -7 - -17.
3
Evaluate -7 - (-2 - -2 - 4 - 1).
-2
Evaluate 9 + -13 - (0 - -1).
-5
-4 + -5 + 7 + 1 + 1
0
What is -14 - (-4 + 3 + -5)?
-8
Calculate -2 + -1 + (2 - 2).
-3
(19 - 11 - 17) + -1 + 4
-6
Evaluate 2 - (-5 + (0 - (-2 - -1))).
6
Evaluate (-17 + 21 - (3 - 0)) + 4.
5
-1 + 2 - (5 - (0 + 7))
3
What is the value of 6 + -8 + -6 + 8?
0
Calculate -11 + 6 - -6 - 7.
-6
-10 + (-3 - 3 - (-8 - -1))
-9
16 + -13 + (5 - -2)
10
What is 6 + -1 + -2 + -4?
-1
What is the value of (11 - (2 + -1)) + 18 + -22?
6
What is -2 + -3 + (-4 - -9)?
0
Evaluate (-5 - (2 - 2)) + 4.
-1
0 - ((2 - 4) + (3 - 4))
3
What is the value of 1 + -1 - (-2 + -3)?
5
8 - ((1 + 2 - 6) + 2)
9
What is the value of 3 + -9 + 2 + 6?
2
What is (0 - (0 - 1)) + -4 + 8?
5
Evaluate 2 + (0 - 5) + 9 - 0.
6
(10 - 5) + -6 - (-5 - -1)
3
Calculate 12 + -9 + 4 + -12.
-5
What is the value of -15 + 8 + (-2 - -13)?
4
What is the value of (0 - 3) + 0 + -50 + 55?
2
Calculate -2 + (5 - -2 - 0).
5
What is 8 + (-1 - -6) + -23?
-10
-5 - -1 - (-19 + -3 + 15)
3
What is the value of 0 - (0 + -4 + 7 + -2)?
-1
Calculate -5 - (-5 - (4 + -2 + -4)).
-2
Calculate -4 - (-1 + -3 + -2).
2
What is the value of 1 + -4 + 3 + 4?
4
What is -10 + 13 + (-1 - 3)?
-1
5 + -4 + (-3 - (1 - 7))
4
Evaluate -7 + 1 + 2 + 6.
2
What is the value of -3 + -5 + (16 - -6 - 6)?
8
3 - ((-1 - (-4 + 0)) + -6)
6
What is the value of (7 - (-15 - -8)) + -10?
4
Calculate 0 + (4 - 1) + (39 - 37).
5
0 - 1 - (29 + -36)
6
Evaluate -4 + (7 - 4 - 8).
-9
(-2 + 4 + 0 - 0) + -2
0
What is the value of -2 + -1 + 1 + -1 + 1?
-2
What is the value of (0 - (3 - 6 - -3)) + -5?
-5
Calculate -7 - (5 + (-10 + -2 - 0)).
0
What is (9 - -1) + -13 + 8?
5
What is the value of -6 + (12 - (10 - 4))?
0
What is (24 - 26) + (0 - 1 - -6)?
3
-6 - (-10 + 1 + -3 + -2)
8
Calculate -3 + 13 - (1 + 10).
-1
What is the value of -4 + (-3 + -1 + 9 - -4)?
5
What is the value of -1 - (19 + -12 - 12)?
4
Evaluate -4 + 5 + 0 - 4.
-3
Calculate (2 - 1 - (-14 - -17)) + 4.
2
-2 + (-3 - (-5 - -5) - -13)
8
Calculate (7 - 4) + (6 - 16).
-7
What is -8 + (-6 - -6) + 3?
-5
What is the value of -2 + -8 + 0 + (50 - 46)?
-6
What is the value of 11 - (-9 - -20 - 3)?
3
3 + -4 + (-12 - -7) + 5
-1
Calculate (3 + 8 - 2) + -4.
5
What is the value of -1 + 4 + 5 + 3 + -10?
1
What is -1 + 1 - (-13 - -12)?
1
(-6 + 2 - -2) + 4 + 5
7
Calculate 1 + 2 + (-3 - 1).
-1
What is the value of (4 - -1 - 5) + 0 + -5?
-5
-3 + 4 - (7 + -3)
-3
Evaluate (7 - (-7 + (0 - -3))) + -7.
4
7 + 0 - (18 - 6)
-5
What is -2 - -2 - (-4 - -2)?
2
1 + 7 + (-8 - -4)
4
What is the value of 17 + -7 + -16 + 13?
7
-4 + 1 + 8 - (14 - 6)
-3
What is the value of -7 + (0 - 5) + 20?
8
What is 27 - 19 - (0 + 3)?
5
(1 - -8) + -6 - 0
3
What is 3 + 7 + (-7 + 7 - 1)?
9
Evaluate -4 + (4 - (-9 + 1)) + -3.
5
Evaluate (8 - 8) + 1 + -2.
-1
-1 - ((4 - 4) + -1)
0
(10 + 3 + -10 - 6) + -1
-4
Evaluate (-4 - 4 - 3) + 4.
-7
(2 - -1) + -4 - -1
0
Calculate 0 + 11 - (-41 - -48).
4
Calculate 2 + -5 + 3 + (-3 - -3).
0
Evaluate (2 - -7) + -8 + 2 + 1.
4
Calculate 254 + -243 - (1 - -11).
-1
What is the value of 11 - 15 - (-1 - -1)?
-4
What is the value of -2 + (3 - 5) + 4 + 5?
5
0 + (0 - (6 + -3)) - 2
-5
Evaluate 8 - (-12 + 29 + -9).
0
5 - (2 + -6 + 6 - 3)
6
Evaluate -6 + 3 + 9 + -4.
2
Evaluate -5 + (7 - (-8 - -14)) + 7.
3
Evaluate 0 - (6 - 7) - (-3 + 0).
4
What is 0 + -1 - 2 - -7?
4
Evaluate 2 + -8 - (-3 - 0).
-3
Calculate 3 + (-11 - -6) + 6 + -3.
1
What is 6 - 9 - (3 + -2 - 4)?
0
Calculate 2 + (1 - 3) - (25 + -15).
-10
-8 - (-3 + -6 - -4)
-3
Calculate 4 + (-12 - (1 - 7 - -7)).
-9
What is -9 + (-8 - -6) - -5?
-6
Calculate (-6 - 1) + 13 + -9 + -3.
-6
What is the value of 10 + -2 + 2 + 0?
10
Calculate (-1 + -1 - (0 + 0)) + 0.
-2
What is 2 + (-2 + -6 - -2) + 6?
2
-132 + 131 + 4 + 1 + -2
2
What is -1 + 2 + (7 - 2) + -7?
-1
Evaluate -11 + -12 + 18 + (-2 - -3).
-4
What is 7 + (2 - (5 - 0))?
4
What is the value of -7 + 1 + 30 + -28?
-4
What is the value of 5 - (-2 + 0 + 7)?
0
What is 7 + -6 + -2 + -2 - 0?
-3
-2 - -5 - (-99 + 103)
-1
Evaluate -3 + -1 - (-4 - -1) - 1.
-2
2 + -3 + 1 + -3
-3
Calculate 2 + -1 - (-32 - -33).
0
Evaluate 4 - (5 + (4 - 1)).
-4
What is (-1 + 1 - -6) + -3?
3
What is -3 + (-4 - -2 - 0)?
-5
-1 - (2 + -2) - 0 - -1
0
What is -1 + 0 - 3 - (54 - 57)?
-1
3 + (0 - (1 + -5 + 11))
-4
-4 + 9 - (-4 - (-8 - 1))
0
What is (5 + 1 - 13) + 6?
-1
Evaluate 0 - 3 - (-1 + -2) - -3.
3
What is (-5 - (0 - 5) - 3) + -1?
-4
What is 0 + 1 + 4 + -5?
0
0 + (-8 - -3) + 0 + 3
-2
Evaluate 7 + (-3 + 5 - 12).
-3
2 + (-6 - (-1 - (-2 + -2)))
-7
Evaluate 1 + (-1 + 1 - (13 + -19)).
7
3 - 9 - (-7 + (9 - 3))
-5
Calculate -3 + (4 + 0 - 1).
0
-7 + (18 - 1) - 5
5
What is 4 + (6 - 4 - (4 + 0))?
2
What is the value of (-8 - (-3 + 2)) + 6?
-1
44 + -40 - (8 - -2)